
3, 5, 31, 239
List the prime factors of 8767852.
2, 17, 128939
What are the prime factors of 1927119?
3, 642373
What are the prime factors of 100389?
3, 109, 307
List the prime factors of 19622149.
41, 478589
What are the prime factors of 291717?
3, 32413
List the prime factors of 196733.
113, 1741
List the prime factors of 21568635.
3, 5, 11, 43573
List the prime factors of 137896.
2, 11, 1567
List the prime factors of 494118.
2, 3, 97, 283
What are the prime factors of 116078?
2, 127, 457
What are the prime factors of 9894499?
349, 28351
List the prime factors of 178098.
2, 3, 29683
What are the prime factors of 26073033?
3, 7, 1241573
What are the prime factors of 5425925?
5, 19, 11423
What are the prime factors of 683526?
2, 3, 113921
List the prime factors of 3844999.
3844999
What are the prime factors of 2939399?
2939399
List the prime factors of 1270957.
23, 55259
What are the prime factors of 889519?
889519
List the prime factors of 5045257.
7, 23, 31337
What are the prime factors of 2064452?
2, 13, 29, 37
What are the prime factors of 497843?
29, 17167
What are the prime factors of 357929?
11, 13, 2503
List the prime factors of 16813096.
2, 37, 79, 719
List the prime factors of 2578724.
2, 337, 1913
What are the prime factors of 14321592?
2, 3, 19, 29
List the prime factors of 207887.
449, 463
What are the prime factors of 2692901?
227, 11863
What are the prime factors of 263062?
2, 103, 1277
What are the prime factors of 3053805?
3, 5, 163, 1249
List the prime factors of 203836.
2, 131, 389
What are the prime factors of 5063987?
1013, 4999
List the prime factors of 776489.
7, 110927
List the prime factors of 1308467.
1308467
List the prime factors of 223164.
2, 3, 6199
What are the prime factors of 109204?
2, 23, 1187
List the prime factors of 134197.
7, 19, 1009
List the prime factors of 490098.
2, 3, 7, 1667
List the prime factors of 1168675.
5, 46747
List the prime factors of 906412.
2, 13, 17431
What are the prime factors of 83489?
7, 11927
List the prime factors of 3383198.
2, 7, 13, 29, 641
What are the prime factors of 728676?
2, 3, 13, 173
What are the prime factors of 15744586?
2, 11, 13, 55051
What are the prime factors of 79913?
157, 509
What are the prime factors of 142768?
2, 8923
What are the prime factors of 231417?
3, 2857
What are the prime factors of 289706?
2, 41, 3533
List the prime factors of 54908.
2, 7, 37, 53
List the prime factors of 351244.
2, 87811
List the prime factors of 8661669.
3, 73, 39551
What are the prime factors of 162866?
2, 11, 673
What are the prime factors of 4355808?
2, 3, 17, 157
List the prime factors of 202458.
2, 3, 41, 823
List the prime factors of 748017.
3, 17, 4889
What are the prime factors of 273069?
3, 30341
List the prime factors of 2397372.
2, 3, 29, 83
List the prime factors of 6547268.
2, 7, 13, 17987
List the prime factors of 5854438.
2, 2927219
What are the prime factors of 23831111?
19, 1254269
List the prime factors of 268354.
2, 134177
What are the prime factors of 31369066?
2, 15684533
List the prime factors of 199703.
7, 47, 607
List the prime factors of 16031370.
2, 3, 5, 251, 2129
List the prime factors of 228594.
2, 3, 31, 1229
List the prime factors of 6672529.
6672529
What are the prime factors of 7963994?
2, 1471, 2707
What are the prime factors of 5896649?
11, 536059
List the prime factors of 16839737.
109, 154493
List the prime factors of 54959.
54959
List the prime factors of 1454065.
5, 41, 173
What are the prime factors of 1834776?
2, 3, 17, 1499
What are the prime factors of 20212147?
23, 878789
What are the prime factors of 9659208?
2, 3, 13, 83, 373
List the prime factors of 7805829.
3, 2601943
What are the prime factors of 3336602?
2, 1668301
List the prime factors of 578026.
2, 31, 9323
What are the prime factors of 7760?
2, 5, 97
List the prime factors of 8271.
3, 919
What are the prime factors of 103050?
2, 3, 5, 229
List the prime factors of 671456.
2, 20983
What are the prime factors of 344647?
107, 3221
List the prime factors of 306710.
2, 5, 30671
What are the prime factors of 773255?
5, 7, 22093
List the prime factors of 1155142.
2, 181, 3191
List the prime factors of 37614622.
2, 101, 186211
What are the prime factors of 421914?
2, 3, 19, 3701
What are the prime factors of 4149663?
3, 7, 28229
List the prime factors of 3017304.
2, 3, 61, 229
What are the prime factors of 164217?
3, 19, 43, 67
What are the prime factors of 345357?
3, 12791
What are the prime factors of 3484334?
2, 7, 19, 13099
List the prime factors of 20294462.
2, 1223, 8297
What are the prime factors of 68668?
2, 17167
What are the prime factors of 5477059?
7, 23, 34019
What are the prime factors of 68425?
5, 7, 17, 23
List the prime factors of 171208.
2, 21401
List the prime factors of 10854032.
2, 7, 96911
List the prime factors of 641929.
641929
List the prime factors of 3469461.
3, 41, 67, 421
List the prime factors of 772463.
17, 45439
List the prime factors of 19670942.
2, 9835471
What are the prime factors of 472403?
433, 1091
List the prime factors of 118939.
83, 1433
What are the prime factors of 16678?
2, 31, 269
List the prime factors of 342256.
2, 21391
What are the prime factors of 21075349?
21075349
What are the prime factors of 8013121?
8013121
List the prime factors of 2352093.
3, 311, 2521
What are the prime factors of 528467?
29, 18223
List the prime factors of 570042.
2, 3, 11, 2879
What are the prime factors of 1308474?
2, 3, 41, 197
List the prime factors of 2729228.
2, 682307
List the prime factors of 348176.
2, 47, 463
List the prime factors of 1903204.
2, 23, 137, 151
List the prime factors of 535449.
3, 17, 10499
What are the prime factors of 131517?
3, 4871
List the prime factors of 3028607.
31, 151, 647
What are the prime factors of 1286258?
2, 643129
List the prime factors of 1121698.
2, 43, 13043
List the prime factors of 101718.
2, 3, 5651
List the prime factors of 56722.
2, 79, 359
List the prime factors of 207488.
2, 1621
What are the prime factors of 15409965?
3, 5, 1027331
List the prime factors of 92860.
2, 5, 4643
List the prime factors of 54116.
2, 83, 163
What are the prime factors of 1359759?
3, 281, 1613
List the prime factors of 1148812.
2, 7, 89, 461
List the prime factors of 6804173.
6804173
What are the prime factors of 622922?
2, 59, 5279
What are the prime factors of 18693248?
2, 7, 31, 673
List the prime factors of 14913100.
2, 5, 19, 47, 167
What are the prime factors of 2129856?
2, 3, 11093
List the prime factors of 204707.
204707
What are the prime factors of 10301687?
11, 73, 12829
List the prime factors of 220080.
2, 3, 5, 7, 131
List the prime factors of 676032.
2, 3, 7, 503
What are the prime factors of 245245?
5, 7, 11, 13
What are the prime factors of 1340889?
3, 11, 179, 227
What are the prime factors of 343259?
7, 49037
List the prime factors of 974271.
3, 324757
List the prime factors of 470883.
3, 7, 17, 1319
List the prime factors of 18538.
2, 13, 23, 31
List the prime factors of 59362.
2, 67, 443
What are the prime factors of 8349596?
2, 2087399
What are the prime factors of 4351530?
2, 3, 5, 73, 1987
What are the prime factors of 717484?
2, 181, 991
List the prime factors of 16928332.
2, 521, 8123
What are the prime factors of 161561?
161561
What are the prime factors of 1383939?
3, 51257
What are the prime factors of 1768700?
2, 5, 23, 769
What are the prime factors of 100310?
2, 5, 7, 1433
List the prime factors of 311878.
2, 7, 22277
List the prime factors of 227750.
2, 5, 911
List the prime factors of 237319.
237319
List the prime factors of 2006075.
5, 29, 2767
List the prime factors of 6687413.
31, 215723
List the prime factors of 465427.
257, 1811
List the prime factors of 19517740.
2, 5, 11, 79, 1123
What are the prime factors of 2257174?
2, 23, 49069
What are the prime factors of 379403?
461, 823
What are the prime factors of 764397?
3, 9437
What are the prime factors of 208538?
2, 11, 9479
List the prime factors of 3282113.
809, 4057
List the prime factors of 12590016.
2, 3, 23, 2851
List the prime factors of 4758988.
2, 13, 71, 1289
What are the prime factors of 440542?
2, 23, 61, 157
List the prime factors of 388850.
2, 5, 7, 11, 101
What are the prime factors of 1847636?
2, 7, 19, 23, 151
List the p